{"id":66,"date":"2023-12-24T09:47:28","date_gmt":"2023-12-24T08:47:28","guid":{"rendered":"https:\/\/www.imperial-automobiles.ca\/?page_id=66"},"modified":"2025-01-04T13:46:26","modified_gmt":"2025-01-04T12:46:26","slug":"a-propos","status":"publish","type":"page","link":"https:\/\/www.imperial-automobiles.ca\/index.php\/a-propos\/","title":{"rendered":"A propos"},"content":{"rendered":"\n<p class=\"has-text-align-center\"><strong>Les soci\u00e9t\u00e9s <\/strong><\/p>\n\n\n\n<p class=\"has-text-align-center\">L&rsquo;entreprise Imperial Automobiles existe en deux \u00e9tablissements. <\/p>\n\n\n\n<p class=\"has-text-align-center\">L&rsquo;une est une soci\u00e9t\u00e9 de droit Canadien \u00e0 responsabilit\u00e9 limit\u00e9e. Bas\u00e9 \u00e0 Halifax en Nouvelle-\u00c9cosse non loin de Saint pierre et Miquelon cette location permet une certaine agilit\u00e9. Avec 4h de d\u00e9calage horaire avec la France cela permet faciliter les \u00e9changes. Cette entit\u00e9 g\u00e8re l&rsquo;exportation des v\u00e9hicules vers la France uniquement. Ce statut de responsabilit\u00e9 limit\u00e9e conf\u00e8re \u00e0 l&rsquo;entreprise de pouvoir exporter le v\u00e9hicule depuis le Canada hors TVA locale. <\/p>\n\n\n\n<p class=\"has-text-align-center\"><strong>Compagnie Imp\u00e9riale d&rsquo;importation d&rsquo;automobiles Limit\u00e9e \/ Limited<\/strong><\/p>\n\n\n\n<p>REX :<\/p>\n\n\n\n<p>Num\u00e9ro d&rsquo;entreprise : <\/p>\n\n\n\n<p>NI de registre : <\/p>\n\n\n\n<p>TVH TPS &#8211; HST GST : <\/p>\n\n\n\n<p class=\"has-text-align-center\"><\/p>\n\n\n\n<figure class=\"wp-block-image aligncenter size-full is-style-rounded is-style-rounded--1\"><img loading=\"lazy\" decoding=\"async\" width=\"1914\" height=\"608\" src=\"https:\/\/www.imperial-automobiles.ca\/wp-content\/uploads\/2024\/03\/halifax.jpg\" alt=\"\" class=\"wp-image-233\" srcset=\"https:\/\/www.imperial-automobiles.ca\/wp-content\/uploads\/2024\/03\/halifax.jpg 1914w, https:\/\/www.imperial-automobiles.ca\/wp-content\/uploads\/2024\/03\/halifax-300x95.jpg 300w, https:\/\/www.imperial-automobiles.ca\/wp-content\/uploads\/2024\/03\/halifax-1024x325.jpg 1024w, https:\/\/www.imperial-automobiles.ca\/wp-content\/uploads\/2024\/03\/halifax-768x244.jpg 768w, https:\/\/www.imperial-automobiles.ca\/wp-content\/uploads\/2024\/03\/halifax-1536x488.jpg 1536w\" sizes=\"auto, (max-width: 1914px) 100vw, 1914px\" \/><\/figure>\n\n\n\n<p>L&rsquo;autre \u00e9tablissement qui est bas\u00e9 en France g\u00e8re uniquement la partie gestion d&rsquo;exportation vers le Canada des v\u00e9hicules en provenance de France ou de pays tiers issu de l&rsquo;achat venant de particuliers. (Hors circuit de TVA)<\/p>\n\n\n\n<p class=\"has-text-align-center\"><strong>Imperial Automobiles France<\/strong><\/p>\n\n\n\n<p>Naf : 4511Z<\/p>\n\n\n\n<p>Rcs : 927 820 910<\/p>\n\n\n\n<p>Siren : 927820910<\/p>\n\n\n\n<p>Siret : 927 820 910 00010<\/p>\n\n\n\n<p>Tva intracommunautaire : FR18927820910 <\/p>\n\n\n\n<p>Les deux \u00e9tablissement ne disposent d&rsquo;aucun stock d&rsquo;automobiles visible sur parc il n&rsquo;est pas n\u00e9cessaire de se d\u00e9placer aux adresses postales correspondantes auxquelles sont enregistr\u00e9s les deux soci\u00e9t\u00e9s. <\/p>\n\n\n\n<p>Les v\u00e9hicules sont stock\u00e9s chez les professionnels ou les particuliers, ils sont uniquement achet\u00e9s \u00e0 titre de mandataire ou achet\u00e9s pour le compte de tiers. <\/p>\n\n\n\n<p class=\"has-text-align-center\"><strong>Le dirigeant <\/strong><\/p>\n\n\n\n<div class=\"wp-block-media-text is-stacked-on-mobile\"><figure class=\"wp-block-media-text__media\"><img loading=\"lazy\" decoding=\"async\" width=\"540\" height=\"960\" src=\"https:\/\/www.imperial-automobiles.ca\/wp-content\/uploads\/2024\/03\/47571714_495638517624746_661276177326931968_n.jpg\" alt=\"\" class=\"wp-image-258 size-full\" srcset=\"https:\/\/www.imperial-automobiles.ca\/wp-content\/uploads\/2024\/03\/47571714_495638517624746_661276177326931968_n.jpg 540w, https:\/\/www.imperial-automobiles.ca\/wp-content\/uploads\/2024\/03\/47571714_495638517624746_661276177326931968_n-169x300.jpg 169w\" sizes=\"auto, (max-width: 540px) 100vw, 540px\" \/><\/figure><div class=\"wp-block-media-text__content\">\n<p>Entreprise dirig\u00e9e par <a href=\"https:\/\/www.linkedin.com\/in\/anis-rennes-a966a9281\/\">Anis<\/a> <\/p>\n\n\n\n<p>15 ans d&rsquo;exp\u00e9rience dans l&rsquo;automobile <\/p>\n\n\n\n<p>Marques favorites : BMW, Acura, Cadillac, Alfa Romeo<\/p>\n<\/div><\/div>\n\n\n\n<p class=\"has-text-align-center\"><a href=\"https:\/\/www.linkedin.com\/in\/anis-rennes-a966a9281\/\">Page Linkedin du G\u00e9rant<\/a><\/p>\n\n\n\n<p>Pour me joindre veuillez utiliser le formulaire de contact disponible sur le site.<\/p>\n\n\n\n<p><\/p>\n","protected":false},"excerpt":{"rendered":"<p>Les soci\u00e9t\u00e9s L&rsquo;entreprise Imperial Automobiles existe en deux \u00e9tablissements. L&rsquo;une est une soci\u00e9t\u00e9 de droit Canadien \u00e0 responsabilit\u00e9 limit\u00e9e. Bas\u00e9 \u00e0 Halifax en Nouvelle-\u00c9cosse non loin de Saint pierre et Miquelon cette location permet une certaine agilit\u00e9. Avec 4h de d\u00e9calage horaire avec la France cela permet faciliter les \u00e9changes. Cette entit\u00e9 g\u00e8re l&rsquo;exportation des [&hellip;]<\/p>\n","protected":false},"author":1,"featured_media":0,"parent":0,"menu_order":0,"comment_status":"closed","ping_status":"closed","template":"","meta":{"_fr_post_content":"<!-- wp:paragraph {\"align\":\"center\"} -->\n<p class=\"has-text-align-center\"><strong>Les soci\u00e9t\u00e9s <\/strong><\/p>\n<!-- \/wp:paragraph -->\n\n<!-- wp:paragraph {\"align\":\"center\"} -->\n<p class=\"has-text-align-center\">L'entreprise Imperial Automobiles existe en deux \u00e9tablissements. <\/p>\n<!-- \/wp:paragraph -->\n\n<!-- wp:paragraph {\"align\":\"center\"} -->\n<p class=\"has-text-align-center\">L'une est une soci\u00e9t\u00e9 de droit Canadien \u00e0 responsabilit\u00e9 limit\u00e9e. Bas\u00e9 \u00e0 Halifax en Nouvelle-\u00c9cosse non loin de Saint pierre et Miquelon cette location permet une certaine agilit\u00e9. Avec 4h de d\u00e9calage horaire avec la France cela permet faciliter les \u00e9changes. Cette entit\u00e9 g\u00e8re l'exportation des v\u00e9hicules vers la France uniquement. Ce statut de responsabilit\u00e9 limit\u00e9e conf\u00e8re \u00e0 l'entreprise de pouvoir exporter le v\u00e9hicule depuis le Canada hors TVA locale. <\/p>\n<!-- \/wp:paragraph -->\n\n<!-- wp:paragraph {\"align\":\"center\"} -->\n<p class=\"has-text-align-center\"><strong>Compagnie Imp\u00e9riale d'importation d'automobiles Limit\u00e9e \/ Limited<\/strong><\/p>\n<!-- \/wp:paragraph -->\n\n<!-- wp:paragraph -->\n<p>REX :<\/p>\n<!-- \/wp:paragraph -->\n\n<!-- wp:paragraph -->\n<p>Num\u00e9ro d'entreprise : <\/p>\n<!-- \/wp:paragraph -->\n\n<!-- wp:paragraph -->\n<p>NI de registre : <\/p>\n<!-- \/wp:paragraph -->\n\n<!-- wp:paragraph -->\n<p>TVH TPS - HST GST : <\/p>\n<!-- \/wp:paragraph -->\n\n<!-- wp:paragraph {\"align\":\"center\"} -->\n<p class=\"has-text-align-center\"><\/p>\n<!-- \/wp:paragraph -->\n\n<!-- wp:image {\"id\":233,\"sizeSlug\":\"full\",\"linkDestination\":\"none\",\"align\":\"center\",\"className\":\"is-style-rounded\"} -->\n<figure class=\"wp-block-image aligncenter size-full is-style-rounded\"><img src=\"https:\/\/www.imperial-automobiles.ca\/wp-content\/uploads\/2024\/03\/halifax.jpg\" alt=\"\" class=\"wp-image-233\"\/><\/figure>\n<!-- \/wp:image -->\n\n<!-- wp:paragraph -->\n<p>L'autre \u00e9tablissement qui est bas\u00e9 en France g\u00e8re uniquement la partie gestion d'exportation vers le Canada des v\u00e9hicules en provenance de France ou de pays tiers issu de l'achat venant de particuliers. (Hors circuit de TVA)<\/p>\n<!-- \/wp:paragraph -->\n\n<!-- wp:paragraph {\"align\":\"center\"} -->\n<p class=\"has-text-align-center\"><strong>Imperial Automobiles France<\/strong><\/p>\n<!-- \/wp:paragraph -->\n\n<!-- wp:paragraph -->\n<p>Naf : 4511Z<\/p>\n<!-- \/wp:paragraph -->\n\n<!-- wp:paragraph -->\n<p>Rcs : 927 820 910<\/p>\n<!-- \/wp:paragraph -->\n\n<!-- wp:paragraph -->\n<p>Siren : 927820910<\/p>\n<!-- \/wp:paragraph -->\n\n<!-- wp:paragraph -->\n<p>Siret : 927 820 910 00010<\/p>\n<!-- \/wp:paragraph -->\n\n<!-- wp:paragraph -->\n<p>Tva intracommunautaire : FR18927820910 <\/p>\n<!-- \/wp:paragraph -->\n\n<!-- wp:paragraph -->\n<p>Les deux \u00e9tablissement ne disposent d'aucun stock d'automobiles visible sur parc il n'est pas n\u00e9cessaire de se d\u00e9placer aux adresses postales correspondantes auxquelles sont enregistr\u00e9s les deux soci\u00e9t\u00e9s. <\/p>\n<!-- \/wp:paragraph -->\n\n<!-- wp:paragraph -->\n<p>Les v\u00e9hicules sont stock\u00e9s chez les professionnels ou les particuliers, ils sont uniquement achet\u00e9s \u00e0 titre de mandataire ou achet\u00e9s pour le compte de tiers. <\/p>\n<!-- \/wp:paragraph -->\n\n<!-- wp:paragraph {\"align\":\"center\"} -->\n<p class=\"has-text-align-center\"><strong>Le dirigeant <\/strong><\/p>\n<!-- \/wp:paragraph -->\n\n<!-- wp:media-text {\"mediaId\":258,\"mediaLink\":\"https:\/\/www.imperial-automobiles.ca\/index.php\/a-propos\/47571714_495638517624746_661276177326931968_n\/\",\"mediaType\":\"image\"} -->\n<div class=\"wp-block-media-text is-stacked-on-mobile\"><figure class=\"wp-block-media-text__media\"><img src=\"https:\/\/www.imperial-automobiles.ca\/wp-content\/uploads\/2024\/03\/47571714_495638517624746_661276177326931968_n.jpg\" alt=\"\" class=\"wp-image-258 size-full\"\/><\/figure><div class=\"wp-block-media-text__content\"><!-- wp:paragraph {\"placeholder\":\"Contenu\u2026\"} -->\n<p>Entreprise dirig\u00e9e par <a href=\"https:\/\/www.linkedin.com\/in\/anis-rennes-a966a9281\/\">Anis<\/a> <\/p>\n<!-- \/wp:paragraph -->\n\n<!-- wp:paragraph -->\n<p>15 ans d'exp\u00e9rience dans l'automobile <\/p>\n<!-- \/wp:paragraph -->\n\n<!-- wp:paragraph -->\n<p>Marques favorites : BMW, Acura, Cadillac, Alfa Romeo<\/p>\n<!-- \/wp:paragraph --><\/div><\/div>\n<!-- \/wp:media-text -->\n\n<!-- wp:paragraph {\"align\":\"center\"} -->\n<p class=\"has-text-align-center\"><a href=\"https:\/\/www.linkedin.com\/in\/anis-rennes-a966a9281\/\">Page Linkedin du G\u00e9rant<\/a><\/p>\n<!-- \/wp:paragraph -->\n\n<!-- wp:paragraph -->\n<p>Pour me joindre veuillez utiliser le formulaire de contact disponible sur le site.<\/p>\n<!-- \/wp:paragraph -->\n\n<!-- wp:paragraph -->\n<p><\/p>\n<!-- \/wp:paragraph -->","_fr_post_name":"a-propos","_fr_post_excerpt":"","_fr_post_title":"A propos","_en_post_content":"<!-- wp:paragraph {\"align\":\"center\"} -->\n<p class=\"has-text-align-center\"><strong>Companies <\/strong><\/p>\n<!-- \/wp:paragraph -->\n\n<!-- wp:image {\"id\":212,\"sizeSlug\":\"large\",\"linkDestination\":\"none\"} -->\n<figure class=\"wp-block-image size-large\"><img src=\"https:\/\/www.imperial-automobiles.ca\/wp-content\/uploads\/2024\/03\/globe-1024x344.jpg\" alt=\"\" class=\"wp-image-212\"\/><\/figure>\n<!-- \/wp:image -->\n\n<!-- wp:paragraph -->\n<p>There is two separate companies, one established in Canada as a limited liability company in Halifax, Nova Scotia. The Atlantic Canada area are allows us to import and export cars from the Halifax autoport or the container port.<\/p>\n<!-- \/wp:paragraph -->\n\n<!-- wp:paragraph -->\n<p>The main activity of the Canadian based operation handles pre purchase inspection for export markets or domestic.  Exporting cars to Europe. Organizing car relocation to France, certify US - Canadian cars in France.<\/p>\n<!-- \/wp:paragraph -->\n\n<!-- wp:paragraph -->\n<p>The second company is located in France manages exported cars from europe to Canadians buyers. <\/p>\n<!-- \/wp:paragraph -->\n\n<!-- wp:paragraph {\"align\":\"center\"} -->\n<p class=\"has-text-align-center\"><img class=\"wp-image-277\" style=\"width: 150px;\" src=\"https:\/\/www.imperial-automobiles.ca\/wp-content\/uploads\/2024\/04\/b0f46e6320184c86863f64d0f62b1566.png\" alt=\"\"><\/p>\n<!-- \/wp:paragraph -->\n\n<!-- wp:paragraph {\"align\":\"center\"} -->\n<p class=\"has-text-align-center\"><strong>Compagnie Imp\u00e9riale d'importation d'automobiles Limit\u00e9e \/ Imperial Car Imports Company Limited<\/strong><\/p>\n<!-- \/wp:paragraph -->\n\n<!-- wp:paragraph -->\n<p>REX :<\/p>\n<!-- \/wp:paragraph -->\n\n<!-- wp:paragraph -->\n<p>Company number :<\/p>\n<!-- \/wp:paragraph -->\n\n<!-- wp:paragraph -->\n<p>NI de registre : <\/p>\n<!-- \/wp:paragraph -->\n\n<!-- wp:paragraph -->\n<p>TVH TPS - HST GST :<\/p>\n<!-- \/wp:paragraph -->\n\n<!-- wp:paragraph {\"align\":\"center\"} -->\n<p class=\"has-text-align-center\"><strong>Imperial Automobiles France<\/strong><\/p>\n<!-- \/wp:paragraph -->\n\n<!-- wp:paragraph -->\n<p>Naf : 4511Z<\/p>\n<!-- \/wp:paragraph -->\n\n<!-- wp:paragraph -->\n<p>Rcs : 927 820 910<\/p>\n<!-- \/wp:paragraph -->\n\n<!-- wp:paragraph -->\n<p>Siren : 927820910<\/p>\n<!-- \/wp:paragraph -->\n\n<!-- wp:paragraph -->\n<p>Siret : 927 820 910 00010<\/p>\n<!-- \/wp:paragraph -->\n\n<!-- wp:paragraph -->\n<p>Tva intracommunautaire : FR18927820910 <\/p>\n<!-- \/wp:paragraph -->\n\n<!-- wp:paragraph -->\n<p>The two establishments do not have any stock of automobiles visible on any lot; it is not necessary to go to the corresponding postal addresses at which the two companies are registered.<br><br>The vehicles are stored with professionals or individuals, they are only purchased as an agent or purchased on behalf of third parties.<\/p>\n<!-- \/wp:paragraph -->\n\n<!-- wp:paragraph -->\n<p><\/p>\n<!-- \/wp:paragraph -->","_en_post_name":"","_en_post_excerpt":"","_en_post_title":"","edit_language":"fr","footnotes":""},"class_list":["post-66","page","type-page","status-publish","hentry"],"_links":{"self":[{"href":"https:\/\/www.imperial-automobiles.ca\/index.php\/wp-json\/wp\/v2\/pages\/66","targetHints":{"allow":["GET"]}}],"collection":[{"href":"https:\/\/www.imperial-automobiles.ca\/index.php\/wp-json\/wp\/v2\/pages"}],"about":[{"href":"https:\/\/www.imperial-automobiles.ca\/index.php\/wp-json\/wp\/v2\/types\/page"}],"author":[{"embeddable":true,"href":"https:\/\/www.imperial-automobiles.ca\/index.php\/wp-json\/wp\/v2\/users\/1"}],"replies":[{"embeddable":true,"href":"https:\/\/www.imperial-automobiles.ca\/index.php\/wp-json\/wp\/v2\/comments?post=66"}],"version-history":[{"count":22,"href":"https:\/\/www.imperial-automobiles.ca\/index.php\/wp-json\/wp\/v2\/pages\/66\/revisions"}],"predecessor-version":[{"id":1050,"href":"https:\/\/www.imperial-automobiles.ca\/index.php\/wp-json\/wp\/v2\/pages\/66\/revisions\/1050"}],"wp:attachment":[{"href":"https:\/\/www.imperial-automobiles.ca\/index.php\/wp-json\/wp\/v2\/media?parent=66"}],"curies":[{"name":"wp","href":"https:\/\/api.w.org\/{rel}","templated":true}]}}